2.
-1000100111001111010001
3618 (base 13) to base 8
16712
-562226 (base 7) to base 3
-12001010202
What is 84d1c (base 15) in base 12?
183a90
16600324 (base 8) to base 10
3866836
Convert -5324 (base 12) to base 4.
-2032030
1046 (base 16) to base 2
1000001000110
What is -1403433204 (base 5) in base 15?
-4a9e1e
What is -1214533 (base 6) in base 11?
-4456a
What is 130aae0 (base 15) in base 10?
13704960
What is 1013300000 (base 4) in base 11?
190891
What is -1011102002122 (base 3) in base 12?
-25995b
-100220222200020 (base 3) to base 10
-5274807
Convert 30623542 (base 7) to base 10.
2577577
1621132 (base 7) to base 11
143091
What is -300306 (base 14) in base 15?
-21d396
Convert 10661265 (base 7) to base 5.
220024104
311060 (base 8) to base 7
606114
What is -2444333321 (base 5) in base 16?
-5958e5
Convert 5152313 (base 7) to base 16.
96dac
What is 113156 (base 9) in base 8?
204531
b9a945 (base 13) to base 3
22012202102000
-1a90193 (base 11) to base 14
-6768c7
Convert 28541435 (base 9) to base 11.
7a88692
What is 12172788 (base 9) in base 6?
331331512
What is -57a874 (base 13) in base 4?
-13323301001
-450212 (base 6) to base 3
-1220122222
Convert -1022011211100 (base 3) to base 11.
-433257
-5322573 (base 8) to base 6
-50223403
Convert 350bb (base 12) to base 16.
1154f
20024434 (base 5) to base 6
3220011
What is -342468a (base 11) in base 8?
-26673515
-2011112212221 (base 3) to base 5
-243334331
Convert 1111426 (base 7) to base 8.
414310
What is 3150153 (base 7) in base 9?
641713
-110438 (base 9) to base 5
-4102334
Convert -234053035 (base 6) to base 7.
-52224020
316887 (base 9) to base 8
560611
What is -5017617 (base 8) in base 2?
-101000001111110001111
What is 731803 (base 14) in base 16?
3b452b
-21013302132 (base 4) to base 8
-11076236
Convert -1616754 (base 8) to base 9.
-780715
What is -1232033113 (base 4) in base 8?
-1561727
18193 (base 11) to base 15
785c
Convert a488a7 (base 11) to base 14.
31a779
60767564 (base 8) to base 14
19c3856
Convert 4114514 (base 6) to base 11.
124904
Convert -220032012 (base 4) to base 9.
-270876
Convert 18460 (base 16) to base 13.
36340
Convert -12524464 (base 7) to base 4.
-10120211230
Convert 13214 (base 11) to base 6.
223243
3c9529 (base 15) to base 16
2c832c
67202 (base 15) to base 12
13986b
Convert 17276756 (base 9) to base 6.
505512253
Convert 2360385 (base 9) to base 12.
5186ab
What is -243763 (base 8) in base 10?
-83955
What is -514122041 (base 6) in base 3?
-121200220211221
30642 (base 11) to base 5
2412240
6081176 (base 10) to base 15
801c6b
What is 6451c (base 13) in base 3?
100012022121
What is -101110101110000100100 (base 2) in base 10?
-1530916
What is 22122122 (base 5) in base 15?
3be0c
-1002100022010 (base 3) to base 6
-20214003
Convert -231024 (base 7) to base 3.
-2002111010
What is -26b131b (base 12) in base 14?
-104455d
Convert 101221100020021 (base 3) to base 5.
2442010330
What is 100131302021 (base 4) in base 3?
22010021211212
Convert -5b31a (base 14) to base 13.
-7a5a4
What is 112022202 (base 5) in base 13?
14739c
Convert b95018 (base 12) to base 5.
1222314221
1ab85 (base 15) to base 2
10101001110111111
Convert 74934 (base 10) to base 14.
1d446
Convert 11124141 (base 6) to base 7.
2605042
Convert -32121131322 (base 4) to base 11.
-214878a
What is 1276508 (base 11) in base 7?
24511561
What is 2758008 (base 11) in base 9?
8845650
-10312330333 (base 4) to base 8
-4667477
48f3c (base 16) to base 8
1107474
94aa0 (base 11) to base 12
68125
What is -784413 (base 9) in base 16?
-7285b
Convert 34234444 (base 5) to base 15.
6084e
110303122 (base 4) to base 12
4138a
-201010212200112 (base 3) to base 15
-d5e665
What is -537b491 (base 12) in base 14?
-21650a9
What is -5a2837 (base 11) in base 6?
-32250503
Convert 264620 (base 7) to base 3.
2112011202
What is 100001101001011101101110 (base 2) in base 4?
201221131232
What is 550546 (base 9) in base 10?
328497
-110424111 (base 5) to base 16
-75ed7
-57784 (base 11) to base 3
-11020111011
153471 (base 9) to base 5
11010204
Convert 4277731 (base 10) to base 6.
231404151
Convert 1370773 (base 12) to base 11.
220a166
425042 (base 7) to base 11
50479
Convert -31323101022 (base 4) to base 6.
-210125030
Convert 544418 (base 9) to base 2.
1001111010010001010
-1033102 (base 7) to base 11
-86684
18773 (base 14) to base 5
3434331
What is -9d584a (base 14) in base 10?
-5355178
What is 2617466 (base 8) in base 12?
2b1986
-628883 (base 11) to base 5
-224213140
-3032300230 (base 4) to base 7
-10125034
-45072 (base 12) to base 3
-11122202012
What is 367c2a (base 14) in base 5?
434144231
10010024 (base 7) to base 16
c9a6a
Convert a9631 (base 15) to base 6.
15310501
-1003233123 (base 4) to base 11
-17a513
Convert -1000000101110100100 (base 2) to base 3.
-111110200102
-1274272 (base 8) to base 3
-200012212222
Convert -5cc5c (base 13) to base 15.
-35b34
-3baba3 (base 16) to base 10
-3910563
222002310202 (base 4) to base 9
22657714
Convert 201012112012 (base 3) to base 4.
1130102111
What is 668a3 (base 13) in base 11?
117851
What is 469065 (base 12) in base 15?
176618
Convert -2022001202011 (base 3) to base 15.
-191e64
Convert -2022032113 (base 5) to base 2.
-1111100111111110100100
What is -34168082 (base 9) in base 7?
-260630153
1944 (base 13) to base 6
25250
-4875238 (base 9) to base 14
-4ccdb7
-26374 (base 10) to base 9
-40154
3ddb3 (base 14) to base 15
307ba
-152759 (base 15) to base 12
-412979
Convert -d02c7 (base 16) to base 11.
-5326a3
Convert -12120522 (base 6) to base 8.
-1355502
What is 5344100 (base 6) in base 15?
52c7c
What is f3446 (base 16) in base 10?
996422
What is -11100111100001110 (base 2) in base 4?
-130330032
What is 504374 (base 15) in base 5?
1433424114
Convert -3616a (base 14) to base 7.
-1056563
3e91db (base 15) to base 3
12200022110222
Convert -13044513 (base 7) to base 12.
-493409
What is -1325a (base 14) in base 16?
-b810
What is 8474229 (base 10) in base 4?
200110321311
-12032221 (base 4) to base 5
-1304023
What is -3363106 (base 7) in base 14?
-ac906
1353225 (base 6) to base 11
53003
38788 (base 12) to base 15
17cce
Convert -483a6 (base 11) to base 2.
-10001000000111011
-22555222 (base 6) to base 2
-10101010110100111110
Convert -303003 (base 11) to base 15.
-99519
Convert -1667d (base 15) to base 7.
-420625
Convert -211402654 (base 7) to base 9.
-25531287
Convert 149719 (base 12) to base 16.
550c5
What is -2432323 (base 5) in base 7?
-251001
191399 (base 11) to base 8
1077336
Convert 131661 (base 9) to base 5.
10030002
Convert -95ece (base 15) to base 8.
-1641304
-135043052 (base 6) to base 5
-1201233233
-18a19 (base 12) to base 4
-20302311
381c0c (base 16) to base 15
4c9816
Convert -198c3c (base 15) to base 14.
-2458b3
Convert -522430 (base 11) to base 8.
-3144124
82687 (base 9) to base 5
3221021
232690 (base 10) to base 15
48e2a
Convert 3286c8 (base 15) to base 2.
1001001011110111101001
Convert 22334260 (base 7) to base 11.
1106769
Convert 12141242 (base 5) to base 14.
2dda5
13214423 (base 5) to base 14
363d6
-130043 (base 10) to base 7
-1051064
What is -12111111020010 (base 3) in base 15?
-3caed6
-66a6c1 (base 13) to base 7
-26405666
Convert -5110241 (base 6) to base 11.
-156179
Convert 1043003200 (base 5) to base 9.
4314656
-121030504 (base 6) to base 10
-2290216
What is -104564 (base 12) in base 10?
-256540
220331022 (base 4) to base 9
275103
-34a47 (base 13) to base 8
-273734
What is 175728 (base 10) in base 12?
85840
416551 (base 7) to base 5
4300333
-15177476 (base 9) to base 16
-7336b6
What is -8157867 (base 9) in base 4?
-100211310022
Convert 22121202222 (base 3) to base 12.
82252
Convert -2aa406 (base 12) to base 2.
-10110000011111000110
Convert 6bc10 (base 14) to base 6.
5345450
93da95 (base 15) to base 8
32647303
What is d4b28 (base 14) in base 6?
14553012
Convert -1010221213 (base 4) to base 12.
-116887
Convert 78a70 (base 14) to base 12.
121622
Convert -22212121020111 (base 3) to base 4.
-101333120230
-24625716 (base 8) to base 6
-312454422
15389b3 (base 13) to base 14
c89b96
122313120 (base 4) to base 10
110040
Convert -31130566 (base 7) to base 5.
-1132100311
What is -5b282 (base 12) in base 2?
-11110000011000010
What is 71209 (base 10) in base 13?
26548
Convert -100011100010011101101010 (base 2) to base 16.
-8e276a
What is -55320